{"id":391,"date":"2025-12-06T17:08:49","date_gmt":"2025-12-06T16:08:49","guid":{"rendered":"https:\/\/etud-kvm-jsami.leria-etud.univ-angers.fr\/?page_id=391"},"modified":"2025-12-11T10:05:53","modified_gmt":"2025-12-11T09:05:53","slug":"evenements","status":"publish","type":"page","link":"https:\/\/etud-kvm-jsami.leria-etud.univ-angers.fr\/?page_id=391","title":{"rendered":"Cr\u00e9er un \u00e9v\u00e9nement"},"content":{"rendered":"\t\t<div data-elementor-type=\"wp-page\" data-elementor-id=\"391\" class=\"elementor elementor-391\">\n\t\t\t\t<div class=\"elementor-element elementor-element-6a5fa8a4 e-flex e-con-boxed e-con e-parent\" data-id=\"6a5fa8a4\" data-element_type=\"container\">\n\t\t\t\t\t<div class=\"e-con-inner\">\n\t\t\t\t<div class=\"elementor-element elementor-element-436de1b2 elementor-widget elementor-widget-text-editor\" data-id=\"436de1b2\" data-element_type=\"widget\" data-widget_type=\"text-editor.default\">\n\t\t\t\t\t\t\t\t\t\n<div class=\"event-form\" style=\"max-width: 500px; margin: auto; padding: 20px; background: #fff; border-radius: 15px; box-shadow: 0 0 10px rgba(0,0,0,0.1); text-align: left;\">\n<p><label>Titre :<\/label><br \/><input id=\"eventTitle\" style=\"width: 100%; padding: 8px; margin-bottom: 10px;\" type=\"text\" placeholder=\"Ex : Entra\u00eenement U18\" \/><\/p>\n<p><label>Date :<\/label><br \/><input id=\"eventDate\" style=\"width: 100%; padding: 8px; margin-bottom: 10px;\" type=\"date\" \/><\/p>\n<p><label>\u00c9quipe \/ Groupe :<\/label><br \/><select id=\"eventTeam\" style=\"width: 100%; padding: 8px; margin-bottom: 10px;\">\n<option value=\"\">&#8212; S\u00e9lectionner un groupe &#8212;<\/option>\n<option value=\"U9\">U7-U9 F\/M<\/option>\n<option value=\"U11\">U11 F\/M<\/option>\n<option value=\"U13\">U13 M<\/option>\n<option value=\"U15\">U15 M<\/option>\n<option value=\"U18\">U18 M<\/option>\n<option value=\"Seniors\">Seniors<\/option>\n<option value=\"Loisirs1\">Loisirs 1<\/option>\n<option value=\"Loisirs2\">Loisirs 2<\/option>\n<option value=\"Loisirs3\">Loisirs 3<\/option>\n<option value=\"MembresDuClub\">Autres<\/option>\n<\/select><\/p>\n<p><button style=\"width: 100%; padding: 10px; background: #186fb4; color: white; border: none; border-radius: 8px; cursor: pointer;\">Cr\u00e9er<\/button><\/p>\n<\/div>\n\t\t\t\t\t\t\t\t<\/div>\n\t\t\t\t\t<\/div>\n\t\t\t\t<\/div>\n\t\t\t\t<\/div>\n\t\t","protected":false},"excerpt":{"rendered":"<p>Titre : Date : \u00c9quipe \/ Groupe :&#8212; S\u00e9lectionner un groupe &#8212;U7-U9 F\/MU11 F\/MU13 MU15 MU18 MSeniorsLoisirs 1Loisirs 2Loisirs 3Autres Cr\u00e9er<\/p>\n","protected":false},"author":1,"featured_media":0,"parent":0,"menu_order":0,"comment_status":"closed","ping_status":"closed","template":"","meta":{"footnotes":""},"class_list":["post-391","page","type-page","status-publish","hentry"],"_links":{"self":[{"href":"https:\/\/etud-kvm-jsami.leria-etud.univ-angers.fr\/index.php?rest_route=\/wp\/v2\/pages\/391","targetHints":{"allow":["GET"]}}],"collection":[{"href":"https:\/\/etud-kvm-jsami.leria-etud.univ-angers.fr\/index.php?rest_route=\/wp\/v2\/pages"}],"about":[{"href":"https:\/\/etud-kvm-jsami.leria-etud.univ-angers.fr\/index.php?rest_route=\/wp\/v2\/types\/page"}],"author":[{"embeddable":true,"href":"https:\/\/etud-kvm-jsami.leria-etud.univ-angers.fr\/index.php?rest_route=\/wp\/v2\/users\/1"}],"replies":[{"embeddable":true,"href":"https:\/\/etud-kvm-jsami.leria-etud.univ-angers.fr\/index.php?rest_route=%2Fwp%2Fv2%2Fcomments&post=391"}],"version-history":[{"count":9,"href":"https:\/\/etud-kvm-jsami.leria-etud.univ-angers.fr\/index.php?rest_route=\/wp\/v2\/pages\/391\/revisions"}],"predecessor-version":[{"id":434,"href":"https:\/\/etud-kvm-jsami.leria-etud.univ-angers.fr\/index.php?rest_route=\/wp\/v2\/pages\/391\/revisions\/434"}],"wp:attachment":[{"href":"https:\/\/etud-kvm-jsami.leria-etud.univ-angers.fr\/index.php?rest_route=%2Fwp%2Fv2%2Fmedia&parent=391"}],"curies":[{"name":"wp","href":"https:\/\/api.w.org\/{rel}","templated":true}]}}